{"id":52,"date":"2020-08-12T12:48:38","date_gmt":"2020-08-12T15:48:38","guid":{"rendered":"http:\/\/www.oceano-azul.com.ar\/oceanoazul\/?page_id=52"},"modified":"2022-05-19T08:12:59","modified_gmt":"2022-05-19T11:12:59","slug":"objetivos","status":"publish","type":"page","link":"https:\/\/www.oceano-azul.com.ar\/oceanoazul\/objetivos\/","title":{"rendered":"QUE HACEMOS"},"content":{"rendered":"\n<h2 class=\"wp-block-heading\">NUESTRO PROP\u00d3SITO<\/h2>\n\n\n\n<blockquote class=\"wp-block-quote is-layout-flow wp-block-quote-is-layout-flow\"><p><strong>&#8220;Ayudar a tu empresa para que mejores las distintas \u00e1reas y consigas mejores resultados&#8221;.<\/strong><\/p><\/blockquote>\n\n\n\n<p>Hay momentos en que la empresa se estanca y requiere del input externo, de experiencia, conocimiento y herramientas que la escalen a la &#8220;Profesionalizaci\u00f3n&#8221;.<\/p>\n\n\n\n<figure class=\"wp-block-image size-full is-style-rounded\"><img loading=\"lazy\" decoding=\"async\" width=\"640\" height=\"243\" src=\"https:\/\/www.oceano-azul.com.ar\/oceanoazul\/wp-content\/uploads\/2022\/05\/woman-g1e9cbc329_1280.jpg\" alt=\"\" class=\"wp-image-604\" srcset=\"https:\/\/www.oceano-azul.com.ar\/oceanoazul\/wp-content\/uploads\/2022\/05\/woman-g1e9cbc329_1280.jpg 640w, https:\/\/www.oceano-azul.com.ar\/oceanoazul\/wp-content\/uploads\/2022\/05\/woman-g1e9cbc329_1280-300x114.jpg 300w\" sizes=\"auto, (max-width: 640px) 100vw, 640px\" \/><\/figure>\n\n\n\n<p>Tenemos como objetivo:<\/p>\n\n\n\n<ul class=\"wp-block-list\"><li>Orientarlos para solucionar un problema o mejorar su funcionamiento.<\/li><li>En un proceso colaborativo y din\u00e1mico<\/li><li>Estableciendo un trabajo definido con un inicio y fin.<\/li><\/ul>\n\n\n\n<h2 class=\"wp-block-heading\">NUESTRAS BASES<\/h2>\n\n\n\n<h3 class=\"wp-block-heading\"><img decoding=\"async\" width=\"33\" height=\"32.94886215242108\" src=\"https:\/\/lh3.googleusercontent.com\/Y9dBwkqDW5yD-7Y9CftLFHN9jyEKYucBZiQwDctlQu-MkLqo_gZggplP8AarLCrP790nfBA4o_JAsoIwJQSIf5DhFFJdtSAkrIIJ0m7utvV1C32j9rqNypNHatiYbphP3kNqj6-UqcSlFwgbDA\"> <strong>VISI\u00d3N<\/strong><\/h3>\n\n\n\n<p>Ser el mayor c\u00edrculo de apoyo profesional integral, para que las Pymes locales crezcan.&#8221;<\/p>\n\n\n\n<h3 class=\"wp-block-heading\"><img loading=\"lazy\" decoding=\"async\" src=\"https:\/\/lh4.googleusercontent.com\/h279lNQnaHosWBAWq6t6fNnZmxXzs3C6U4W7sKDV5Zjp3mCLIID3cdlYdZAFctB5BmUBf7QCXuERG1CMpP83-V72VkvOjPDJF0gx3sXAO4v5_xilkq2y2LJrMH4gh7vxF9aQnEijaG7p6YE7Pw\" width=\"33\" height=\"33\"> <strong>MISI\u00d3N<\/strong><\/h3>\n\n\n\n<p>Contribuir a las Pymes con conocimientos, herramientas pr\u00e1cticas y procesos claros para crear valor en conjunto y as\u00ed lograr que sean m\u00e1s competitivas y rentables\u201d<\/p>\n\n\n\n<h3 class=\"wp-block-heading\"><img loading=\"lazy\" decoding=\"async\" src=\"https:\/\/lh5.googleusercontent.com\/_geVW03vmHQVQRNRJawsQ1nohou_f2KcxSx-wPqDG2dGmbmnBe9uKkTITf7bInTHU3z-lHA182_LN7Dt0z0PVYNZDlKWsaR3cz7jb5pKXiS7U1bviuJG2gBwGvGqjNGNcxfP67T22DIcrI_dtA\" width=\"33\" height=\"33\"> <strong>VALORES<\/strong><\/h3>\n\n\n\n<p>&#8220;Honestidad, compromiso, conocimiento, profesionalismo, trabajo \u00e9tico, responsabilidad social, colaboraci\u00f3n.&#8221;<\/p>\n\n\n\n<h2 class=\"wp-block-heading\">NUESTROS SERVICIOS<\/h2>\n\n\n\n<div class=\"wp-block-image is-style-rounded\"><figure class=\"alignleft size-full is-resized\"><img loading=\"lazy\" decoding=\"async\" src=\"https:\/\/www.oceano-azul.com.ar\/oceanoazul\/wp-content\/uploads\/2022\/05\/S-training-g337d8e030_1280.jpg\" alt=\"\" class=\"wp-image-606\" width=\"336\" height=\"238\" srcset=\"https:\/\/www.oceano-azul.com.ar\/oceanoazul\/wp-content\/uploads\/2022\/05\/S-training-g337d8e030_1280.jpg 448w, https:\/\/www.oceano-azul.com.ar\/oceanoazul\/wp-content\/uploads\/2022\/05\/S-training-g337d8e030_1280-300x212.jpg 300w\" sizes=\"auto, (max-width: 336px) 100vw, 336px\" \/><\/figure><\/div>\n\n\n\n<ul class=\"wp-block-list\"><li>Consultor\u00eda en:<\/li><\/ul>\n\n\n\n<p>Estrategia y planificaci\u00f3n, modelado de negocios, control de gesti\u00f3n, gesti\u00f3n de recursos humanos, gesti\u00f3n en compras, mejora de costos para aumentar rentabilidad, marketing digital, calidad, procesos productivos, responsabilidad social y sostenibilidad.<\/p>\n\n\n\n<ul class=\"wp-block-list\"><li>Asesor\u00eda t\u00e9cnica<\/li><li>Capacitaci\u00f3n<\/li><\/ul>\n\n\n\n<div class=\"wp-block-image is-style-rounded\"><figure class=\"alignright size-full is-resized\"><img loading=\"lazy\" decoding=\"async\" src=\"https:\/\/www.oceano-azul.com.ar\/oceanoazul\/wp-content\/uploads\/2022\/05\/S-result-gcad3514f0_1920.jpg\" alt=\"\" class=\"wp-image-612\" width=\"360\" height=\"240\" srcset=\"https:\/\/www.oceano-azul.com.ar\/oceanoazul\/wp-content\/uploads\/2022\/05\/S-result-gcad3514f0_1920.jpg 480w, https:\/\/www.oceano-azul.com.ar\/oceanoazul\/wp-content\/uploads\/2022\/05\/S-result-gcad3514f0_1920-300x200.jpg 300w\" sizes=\"auto, (max-width: 360px) 100vw, 360px\" \/><\/figure><\/div>\n\n\n\n<p><\/p>\n\n\n\n<p>Facilitamos: Herramientas, Metodolog\u00edas, Procesos bien definidos&#8230;<\/p>\n\n\n\n<p>Para mejorar los resultados con un camino claro, con profesionales capacitados para enfrentar los desaf\u00edos actuales, logrando as\u00ed:<\/p>\n\n\n\n<p><strong>\u201cMaximizar la rentabilidad de la empresa\u201d<\/strong>.<\/p>\n","protected":false},"excerpt":{"rendered":"<p>NUESTRO PROP\u00d3SITO &#8220;Ayudar a tu empresa para que mejores las distintas \u00e1reas y consigas mejores resultados&#8221;. Hay momentos en que la empresa se estanca y requiere del input externo, de experiencia, conocimiento y herramientas que la escalen a la &#8220;Profesionalizaci\u00f3n&#8221;. Tenemos como objetivo: Orientarlos para solucionar un problema o mejorar su funcionamiento. En un proceso &hellip; <\/p>\n<p class=\"link-more\"><a href=\"https:\/\/www.oceano-azul.com.ar\/oceanoazul\/objetivos\/\" class=\"more-link\">Segu\u00ed leyendo<span class=\"screen-reader-text\"> &#8220;QUE HACEMOS&#8221;<\/span><\/a><\/p>\n","protected":false},"author":3,"featured_media":0,"parent":0,"menu_order":0,"comment_status":"closed","ping_status":"closed","template":"","meta":{"footnotes":""},"class_list":["post-52","page","type-page","status-publish","hentry"],"_links":{"self":[{"href":"https:\/\/www.oceano-azul.com.ar\/oceanoazul\/wp-json\/wp\/v2\/pages\/52","targetHints":{"allow":["GET"]}}],"collection":[{"href":"https:\/\/www.oceano-azul.com.ar\/oceanoazul\/wp-json\/wp\/v2\/pages"}],"about":[{"href":"https:\/\/www.oceano-azul.com.ar\/oceanoazul\/wp-json\/wp\/v2\/types\/page"}],"author":[{"embeddable":true,"href":"https:\/\/www.oceano-azul.com.ar\/oceanoazul\/wp-json\/wp\/v2\/users\/3"}],"replies":[{"embeddable":true,"href":"https:\/\/www.oceano-azul.com.ar\/oceanoazul\/wp-json\/wp\/v2\/comments?post=52"}],"version-history":[{"count":25,"href":"https:\/\/www.oceano-azul.com.ar\/oceanoazul\/wp-json\/wp\/v2\/pages\/52\/revisions"}],"predecessor-version":[{"id":623,"href":"https:\/\/www.oceano-azul.com.ar\/oceanoazul\/wp-json\/wp\/v2\/pages\/52\/revisions\/623"}],"wp:attachment":[{"href":"https:\/\/www.oceano-azul.com.ar\/oceanoazul\/wp-json\/wp\/v2\/media?parent=52"}],"curies":[{"name":"wp","href":"https:\/\/api.w.org\/{rel}","templated":true}]}}